{"id":5100,"date":"2025-03-17T14:16:58","date_gmt":"2025-03-17T19:16:58","guid":{"rendered":"https:\/\/siar.minam.gob.pe\/tacna\/?page_id=5100"},"modified":"2025-06-23T16:10:20","modified_gmt":"2025-06-23T21:10:20","slug":"calidad-agua","status":"publish","type":"page","link":"https:\/\/siar.minam.gob.pe\/tacna\/calidad-agua\/","title":{"rendered":"Calidad del Agua en Tacna"},"content":{"rendered":"\t\t<div data-elementor-type=\"wp-page\" data-elementor-id=\"5100\" class=\"elementor elementor-5100\" data-elementor-settings=\"[]\">\n\t\t\t\t\t\t\t<div class=\"elementor-section-wrap\">\n\t\t\t\t\t\t\t<section class=\"elementor-section elementor-top-section elementor-element elementor-element-3d69596 elementor-section-boxed elementor-section-height-default elementor-section-height-default\" data-id=\"3d69596\" data-element_type=\"section\">\n\t\t\t\t\t\t<div class=\"elementor-container elementor-column-gap-default\">\n\t\t\t\t\t<div class=\"elementor-column elementor-col-100 elementor-top-column elementor-element elementor-element-f14c4d7\" data-id=\"f14c4d7\" data-element_type=\"column\">\n\t\t\t<div class=\"elementor-widget-wrap elementor-element-populated\">\n\t\t\t\t\t\t\t\t<div class=\"elementor-element elementor-element-798e6f7 elementor-widget elementor-widget-accordion\" data-id=\"798e6f7\" data-element_type=\"widget\" data-widget_type=\"accordion.default\">\n\t\t\t\t<div class=\"elementor-widget-container\">\n\t\t\t\t\t<div class=\"elementor-accordion\" role=\"tablist\">\n\t\t\t\t\t\t\t<div class=\"elementor-accordion-item\">\n\t\t\t\t\t<div id=\"elementor-tab-title-1271\" class=\"elementor-tab-title\" data-tab=\"1\" role=\"tab\" aria-controls=\"elementor-tab-content-1271\" aria-expanded=\"false\">\n\t\t\t\t\t\t\t\t\t\t\t\t\t<span class=\"elementor-accordion-icon elementor-accordion-icon-left\" aria-hidden=\"true\">\n\t\t\t\t\t\t\t\t\t\t\t\t\t\t\t<span class=\"elementor-accordion-icon-closed\"><i class=\"fas fa-plus\"><\/i><\/span>\n\t\t\t\t\t\t\t\t<span class=\"elementor-accordion-icon-opened\"><i class=\"fas fa-minus\"><\/i><\/span>\n\t\t\t\t\t\t\t\t\t\t\t\t\t\t<\/span>\n\t\t\t\t\t\t\t\t\t\t\t\t<a class=\"elementor-accordion-title\" href=\"\">Calidad del Agua en la Regi\u00f3n Tacna<\/a>\n\t\t\t\t\t<\/div>\n\t\t\t\t\t<div id=\"elementor-tab-content-1271\" class=\"elementor-tab-content elementor-clearfix\" data-tab=\"1\" role=\"tabpanel\" aria-labelledby=\"elementor-tab-title-1271\"><p>El Gobierno Regional de Tacna a trav\u00e9s de la Sub-Gerencia de Gesti\u00f3n Ambiental, ha desarrollado el presente <strong>dashboard de calidad de agua<\/strong>, a partir de los resultados de los monitoreos de calidad de agua realizados por la Autoridad Nacional del Agua (ANA).<\/p><p>Los datos utilizados provienen del\u00a0<a href=\"https:\/\/snirh.ana.gob.pe\/onrh\/\">Observatorio del agua<\/a>, plataforma oficial de la ANA que consolida informaci\u00f3n nacional sobre calidad h\u00eddrica en formato Excel. Estos resultados han sido descargados de dicha plataforma, procesados mediante algoritmos integradores, almacenados en\u00a0<strong>Google Sheets<\/strong>\u00a0(alojados en Google Drive) y finalmente configurados para su visualizaci\u00f3n interactiva en Looker Studio de Google.<\/p><p>Este dashboard facilita el acceso din\u00e1mico y transparente a la informaci\u00f3n sobre la calidad del recurso h\u00eddrico en la regi\u00f3n Tacna.<\/p><p><img loading=\"lazy\" class=\"\" src=\"https:\/\/siar.minam.gob.pe\/tacna\/wp-content\/uploads\/2025\/06\/flujo_trabajo_lookerv2.png\" alt=\"\" width=\"500\" height=\"380\" \/><\/p><\/div>\n\t\t\t\t<\/div>\n\t\t\t\t\t\t\t\t<\/div>\n\t\t\t\t<\/div>\n\t\t\t\t<\/div>\n\t\t\t\t\t<\/div>\n\t\t<\/div>\n\t\t\t\t\t\t\t<\/div>\n\t\t<\/section>\n\t\t\t\t<section class=\"elementor-section elementor-top-section elementor-element elementor-element-ec33d59 elementor-section-boxed elementor-section-height-default elementor-section-height-default\" data-id=\"ec33d59\" data-element_type=\"section\">\n\t\t\t\t\t\t<div class=\"elementor-container elementor-column-gap-default\">\n\t\t\t\t\t<div class=\"elementor-column elementor-col-100 elementor-top-column elementor-element elementor-element-bd2d76f\" data-id=\"bd2d76f\" data-element_type=\"column\">\n\t\t\t<div class=\"elementor-widget-wrap elementor-element-populated\">\n\t\t\t\t\t\t\t\t<section class=\"elementor-section elementor-inner-section elementor-element elementor-element-c56d80a elementor-section-full_width elementor-section-height-default elementor-section-height-default\" data-id=\"c56d80a\" data-element_type=\"section\">\n\t\t\t\t\t\t<div class=\"elementor-container elementor-column-gap-default\">\n\t\t\t\t\t<div class=\"elementor-column elementor-col-100 elementor-inner-column elementor-element elementor-element-8788415\" data-id=\"8788415\" data-element_type=\"column\">\n\t\t\t<div class=\"elementor-widget-wrap elementor-element-populated\">\n\t\t\t\t\t\t\t\t<div class=\"elementor-element elementor-element-3420eb4 elementor-widget elementor-widget-html\" data-id=\"3420eb4\" data-element_type=\"widget\" data-widget_type=\"html.default\">\n\t\t\t\t<div class=\"elementor-widget-container\">\n\t\t\t<!--<iframe loading=\"lazy\" width=\"600\" height=\"950\" src=\"https:\/\/lookerstudio.google.com\/embed\/reporting\/b2c091fc-63e4-443a-9d78-9b0e2608cd75\/page\/p_kgfwtg2hqd\" frameborder=\"0\" style=\"border:0\" allowfullscreen sandbox=\"allow-storage-access-by-user-activation allow-scripts allow-same-origin allow-popups allow-popups-to-escape-sandbox\"><\/iframe>\nv1.2 https:\/\/lookerstudio.google.com\/embed\/reporting\/b2c091fc-63e4-443a-9d78-9b0e2608cd75\/page\/p_kgfwtg2hqd\n-->\n\n<iframe loading=\"lazy\" id=\"miIframe\"  width=\"1200px\" height=\"1200px\" style=\"border:0; height:1200px; \" src=\"https:\/\/lookerstudio.google.com\/embed\/reporting\/b1ad90c2-e680-44f8-a95f-0e68d290e065\/page\/p_rkqbrerisd\" allowfullscreen sandbox=\"allow-storage-access-by-user-activation allow-scripts allow-same-origin allow-popups allow-popups-to-escape-sandbox\" ><\/iframe>\n \n    <style>\n        @media screen and (min-width: 768px) and (max-width: 1200px) {    \n            #miIframe {     \n                height: 1224px;    \n            }  \n        }  \n        @media screen and (min-width: 1201px) { \n            #miIframe {     \n                height: 800px;   \n            }  \n        }  \n        @media screen and (max-width: 767px) {\n            #miIframe {      \n                height: 450px;    \n            }  \n        }\n    <\/style> \t\t<\/div>\n\t\t\t\t<\/div>\n\t\t\t\t\t<\/div>\n\t\t<\/div>\n\t\t\t\t\t\t\t<\/div>\n\t\t<\/section>\n\t\t\t\t\t<\/div>\n\t\t<\/div>\n\t\t\t\t\t\t\t<\/div>\n\t\t<\/section>\n\t\t\t\t<section class=\"elementor-section elementor-top-section elementor-element elementor-element-2400746 elementor-section-boxed elementor-section-height-default elementor-section-height-default\" data-id=\"2400746\" data-element_type=\"section\">\n\t\t\t\t\t\t<div class=\"elementor-container elementor-column-gap-default\">\n\t\t\t\t\t<div class=\"elementor-column elementor-col-100 elementor-top-column elementor-element elementor-element-7d8da18\" data-id=\"7d8da18\" data-element_type=\"column\">\n\t\t\t<div class=\"elementor-widget-wrap\">\n\t\t\t\t\t\t\t\t\t<\/div>\n\t\t<\/div>\n\t\t\t\t\t\t\t<\/div>\n\t\t<\/section>\n\t\t\t\t<section class=\"elementor-section elementor-top-section elementor-element elementor-element-a9f7f58 elementor-section-full_width elementor-section-height-default elementor-section-height-default\" data-id=\"a9f7f58\" data-element_type=\"section\">\n\t\t\t\t\t\t<div class=\"elementor-container elementor-column-gap-default\">\n\t\t\t\t\t<div class=\"elementor-column elementor-col-100 elementor-top-column elementor-element elementor-element-a47b1ce\" data-id=\"a47b1ce\" data-element_type=\"column\">\n\t\t\t<div class=\"elementor-widget-wrap\">\n\t\t\t\t\t\t\t\t\t<\/div>\n\t\t<\/div>\n\t\t\t\t\t\t\t<\/div>\n\t\t<\/section>\n\t\t\t\t<section class=\"elementor-section elementor-top-section elementor-element elementor-element-52ec352 elementor-section-boxed elementor-section-height-default elementor-section-height-default\" data-id=\"52ec352\" data-element_type=\"section\">\n\t\t\t\t\t\t<div class=\"elementor-container elementor-column-gap-default\">\n\t\t\t\t\t<div class=\"elementor-column elementor-col-100 elementor-top-column elementor-element elementor-element-b6dbb7e\" data-id=\"b6dbb7e\" data-element_type=\"column\">\n\t\t\t<div class=\"elementor-widget-wrap elementor-element-populated\">\n\t\t\t\t\t\t\t\t<div class=\"elementor-element elementor-element-4332dd2 elementor-widget elementor-widget-html\" data-id=\"4332dd2\" data-element_type=\"widget\" data-widget_type=\"html.default\">\n\t\t\t\t<div class=\"elementor-widget-container\">\n\t\t\t <script> \r\n        jQuery(document).ready(function($) { \r\n            var delay = 100; setTimeout(function() { \r\n            $('.elementor-tab-title').removeClass('elementor-active');\r\n            $('.elementor-tab-content').css('display', 'none'); }, delay); \r\n        }); \r\n    <\/script>\t\t<\/div>\n\t\t\t\t<\/div>\n\t\t\t\t\t<\/div>\n\t\t<\/div>\n\t\t\t\t\t\t\t<\/div>\n\t\t<\/section>\n\t\t\t\t<section class=\"elementor-section elementor-top-section elementor-element elementor-element-f33a149 elementor-section-boxed elementor-section-height-default elementor-section-height-default\" data-id=\"f33a149\" data-element_type=\"section\">\n\t\t\t\t\t\t<div class=\"elementor-container elementor-column-gap-default\">\n\t\t\t\t\t<div class=\"elementor-column elementor-col-100 elementor-top-column elementor-element elementor-element-3c9c15a\" data-id=\"3c9c15a\" data-element_type=\"column\">\n\t\t\t<div class=\"elementor-widget-wrap elementor-element-populated\">\n\t\t\t\t\t\t\t\t<div class=\"elementor-element elementor-element-7e181b0 elementor-widget elementor-widget-spacer\" data-id=\"7e181b0\" data-element_type=\"widget\" data-widget_type=\"spacer.default\">\n\t\t\t\t<div class=\"elementor-widget-container\">\n\t\t\t\t\t<div class=\"elementor-spacer\">\n\t\t\t<div class=\"elementor-spacer-inner\"><\/div>\n\t\t<\/div>\n\t\t\t\t<\/div>\n\t\t\t\t<\/div>\n\t\t\t\t\t<\/div>\n\t\t<\/div>\n\t\t\t\t\t\t\t<\/div>\n\t\t<\/section>\n\t\t\t\t\t\t<\/div>\n\t\t\t\t\t<\/div>\n\t\t","protected":false},"excerpt":{"rendered":"<p>Calidad del Agua en la Regi\u00f3n Tacna El Gobierno Regional de Tacna a trav\u00e9s de la Sub-Gerencia de Gesti\u00f3n Ambiental, ha desarrollado el presente dashboard de calidad de agua, a partir de los resultados de los monitoreos de calidad de agua realizados por la Autoridad Nacional del Agua (ANA). Los datos utilizados provienen del\u00a0Observatorio del [&hellip;]<\/p>\n","protected":false},"author":3,"featured_media":0,"parent":0,"menu_order":0,"comment_status":"closed","ping_status":"closed","template":"","meta":[],"yoast_head":"<!-- This site is optimized with the Yoast SEO plugin v18.3 - https:\/\/yoast.com\/wordpress\/plugins\/seo\/ -->\n<title>Calidad del Agua en Tacna | SIAR Tacna<\/title>\n<meta name=\"robots\" content=\"index, follow, max-snippet:-1, max-image-preview:large, max-video-preview:-1\" \/>\n<link rel=\"canonical\" href=\"https:\/\/siar.minam.gob.pe\/tacna\/calidad-agua\/\" \/>\n<meta property=\"og:locale\" content=\"es_ES\" \/>\n<meta property=\"og:type\" content=\"article\" \/>\n<meta property=\"og:title\" content=\"Calidad del Agua en Tacna | SIAR Tacna\" \/>\n<meta property=\"og:description\" content=\"Calidad del Agua en la Regi\u00f3n Tacna El Gobierno Regional de Tacna a trav\u00e9s de la Sub-Gerencia de Gesti\u00f3n Ambiental, ha desarrollado el presente dashboard de calidad de agua, a partir de los resultados de los monitoreos de calidad de agua realizados por la Autoridad Nacional del Agua (ANA). Los datos utilizados provienen del\u00a0Observatorio del [&hellip;]\" \/>\n<meta property=\"og:url\" content=\"https:\/\/siar.minam.gob.pe\/tacna\/calidad-agua\/\" \/>\n<meta property=\"og:site_name\" content=\"SIAR Tacna\" \/>\n<meta property=\"article:modified_time\" content=\"2025-06-23T21:10:20+00:00\" \/>\n<meta property=\"og:image\" content=\"https:\/\/siar.minam.gob.pe\/tacna\/wp-content\/uploads\/2025\/06\/flujo_trabajo_lookerv2.png\" \/>\n<meta name=\"twitter:card\" content=\"summary_large_image\" \/>\n<meta name=\"twitter:label1\" content=\"Tiempo de lectura\" \/>\n\t<meta name=\"twitter:data1\" content=\"2 minutos\" \/>\n<script type=\"application\/ld+json\" class=\"yoast-schema-graph\">{\"@context\":\"https:\/\/schema.org\",\"@graph\":[{\"@type\":\"Organization\",\"@id\":\"https:\/\/siar.minam.gob.pe\/tacna\/#organization\",\"name\":\"SIAR Tacna\",\"url\":\"https:\/\/siar.minam.gob.pe\/tacna\/\",\"sameAs\":[],\"logo\":{\"@type\":\"ImageObject\",\"@id\":\"https:\/\/siar.minam.gob.pe\/tacna\/#logo\",\"inLanguage\":\"es\",\"url\":\"https:\/\/siar.minam.gob.pe\/tacna\/wp-content\/uploads\/2023\/12\/cropped-cropped-logo-SIAR_1.png\",\"contentUrl\":\"https:\/\/siar.minam.gob.pe\/tacna\/wp-content\/uploads\/2023\/12\/cropped-cropped-logo-SIAR_1.png\",\"width\":864,\"height\":313,\"caption\":\"SIAR Tacna\"},\"image\":{\"@id\":\"https:\/\/siar.minam.gob.pe\/tacna\/#logo\"}},{\"@type\":\"WebSite\",\"@id\":\"https:\/\/siar.minam.gob.pe\/tacna\/#website\",\"url\":\"https:\/\/siar.minam.gob.pe\/tacna\/\",\"name\":\"SIAR Tacna\",\"description\":\"siar tacna\",\"publisher\":{\"@id\":\"https:\/\/siar.minam.gob.pe\/tacna\/#organization\"},\"potentialAction\":[{\"@type\":\"SearchAction\",\"target\":{\"@type\":\"EntryPoint\",\"urlTemplate\":\"https:\/\/siar.minam.gob.pe\/tacna\/?s={search_term_string}\"},\"query-input\":\"required name=search_term_string\"}],\"inLanguage\":\"es\"},{\"@type\":\"ImageObject\",\"@id\":\"https:\/\/siar.minam.gob.pe\/tacna\/calidad-agua\/#primaryimage\",\"inLanguage\":\"es\",\"url\":\"https:\/\/siar.minam.gob.pe\/tacna\/wp-content\/uploads\/2025\/06\/flujo_trabajo_lookerv2.png\",\"contentUrl\":\"https:\/\/siar.minam.gob.pe\/tacna\/wp-content\/uploads\/2025\/06\/flujo_trabajo_lookerv2.png\",\"width\":1280,\"height\":720},{\"@type\":\"WebPage\",\"@id\":\"https:\/\/siar.minam.gob.pe\/tacna\/calidad-agua\/#webpage\",\"url\":\"https:\/\/siar.minam.gob.pe\/tacna\/calidad-agua\/\",\"name\":\"Calidad del Agua en Tacna | SIAR Tacna\",\"isPartOf\":{\"@id\":\"https:\/\/siar.minam.gob.pe\/tacna\/#website\"},\"primaryImageOfPage\":{\"@id\":\"https:\/\/siar.minam.gob.pe\/tacna\/calidad-agua\/#primaryimage\"},\"datePublished\":\"2025-03-17T19:16:58+00:00\",\"dateModified\":\"2025-06-23T21:10:20+00:00\",\"breadcrumb\":{\"@id\":\"https:\/\/siar.minam.gob.pe\/tacna\/calidad-agua\/#breadcrumb\"},\"inLanguage\":\"es\",\"potentialAction\":[{\"@type\":\"ReadAction\",\"target\":[\"https:\/\/siar.minam.gob.pe\/tacna\/calidad-agua\/\"]}]},{\"@type\":\"BreadcrumbList\",\"@id\":\"https:\/\/siar.minam.gob.pe\/tacna\/calidad-agua\/#breadcrumb\",\"itemListElement\":[{\"@type\":\"ListItem\",\"position\":1,\"name\":\"Inicio\",\"item\":\"https:\/\/siar.minam.gob.pe\/tacna\/\"},{\"@type\":\"ListItem\",\"position\":2,\"name\":\"Calidad del Agua en Tacna\"}]}]}<\/script>\n<!-- \/ Yoast SEO plugin. -->","yoast_head_json":{"title":"Calidad del Agua en Tacna | SIAR Tacna","robots":{"index":"index","follow":"follow","max-snippet":"max-snippet:-1","max-image-preview":"max-image-preview:large","max-video-preview":"max-video-preview:-1"},"canonical":"https:\/\/siar.minam.gob.pe\/tacna\/calidad-agua\/","og_locale":"es_ES","og_type":"article","og_title":"Calidad del Agua en Tacna | SIAR Tacna","og_description":"Calidad del Agua en la Regi\u00f3n Tacna El Gobierno Regional de Tacna a trav\u00e9s de la Sub-Gerencia de Gesti\u00f3n Ambiental, ha desarrollado el presente dashboard de calidad de agua, a partir de los resultados de los monitoreos de calidad de agua realizados por la Autoridad Nacional del Agua (ANA). Los datos utilizados provienen del\u00a0Observatorio del [&hellip;]","og_url":"https:\/\/siar.minam.gob.pe\/tacna\/calidad-agua\/","og_site_name":"SIAR Tacna","article_modified_time":"2025-06-23T21:10:20+00:00","og_image":[{"url":"https:\/\/siar.minam.gob.pe\/tacna\/wp-content\/uploads\/2025\/06\/flujo_trabajo_lookerv2.png"}],"twitter_card":"summary_large_image","twitter_misc":{"Tiempo de lectura":"2 minutos"},"schema":{"@context":"https:\/\/schema.org","@graph":[{"@type":"Organization","@id":"https:\/\/siar.minam.gob.pe\/tacna\/#organization","name":"SIAR Tacna","url":"https:\/\/siar.minam.gob.pe\/tacna\/","sameAs":[],"logo":{"@type":"ImageObject","@id":"https:\/\/siar.minam.gob.pe\/tacna\/#logo","inLanguage":"es","url":"https:\/\/siar.minam.gob.pe\/tacna\/wp-content\/uploads\/2023\/12\/cropped-cropped-logo-SIAR_1.png","contentUrl":"https:\/\/siar.minam.gob.pe\/tacna\/wp-content\/uploads\/2023\/12\/cropped-cropped-logo-SIAR_1.png","width":864,"height":313,"caption":"SIAR Tacna"},"image":{"@id":"https:\/\/siar.minam.gob.pe\/tacna\/#logo"}},{"@type":"WebSite","@id":"https:\/\/siar.minam.gob.pe\/tacna\/#website","url":"https:\/\/siar.minam.gob.pe\/tacna\/","name":"SIAR Tacna","description":"siar tacna","publisher":{"@id":"https:\/\/siar.minam.gob.pe\/tacna\/#organization"},"potentialAction":[{"@type":"SearchAction","target":{"@type":"EntryPoint","urlTemplate":"https:\/\/siar.minam.gob.pe\/tacna\/?s={search_term_string}"},"query-input":"required name=search_term_string"}],"inLanguage":"es"},{"@type":"ImageObject","@id":"https:\/\/siar.minam.gob.pe\/tacna\/calidad-agua\/#primaryimage","inLanguage":"es","url":"https:\/\/siar.minam.gob.pe\/tacna\/wp-content\/uploads\/2025\/06\/flujo_trabajo_lookerv2.png","contentUrl":"https:\/\/siar.minam.gob.pe\/tacna\/wp-content\/uploads\/2025\/06\/flujo_trabajo_lookerv2.png","width":1280,"height":720},{"@type":"WebPage","@id":"https:\/\/siar.minam.gob.pe\/tacna\/calidad-agua\/#webpage","url":"https:\/\/siar.minam.gob.pe\/tacna\/calidad-agua\/","name":"Calidad del Agua en Tacna | SIAR Tacna","isPartOf":{"@id":"https:\/\/siar.minam.gob.pe\/tacna\/#website"},"primaryImageOfPage":{"@id":"https:\/\/siar.minam.gob.pe\/tacna\/calidad-agua\/#primaryimage"},"datePublished":"2025-03-17T19:16:58+00:00","dateModified":"2025-06-23T21:10:20+00:00","breadcrumb":{"@id":"https:\/\/siar.minam.gob.pe\/tacna\/calidad-agua\/#breadcrumb"},"inLanguage":"es","potentialAction":[{"@type":"ReadAction","target":["https:\/\/siar.minam.gob.pe\/tacna\/calidad-agua\/"]}]},{"@type":"BreadcrumbList","@id":"https:\/\/siar.minam.gob.pe\/tacna\/calidad-agua\/#breadcrumb","itemListElement":[{"@type":"ListItem","position":1,"name":"Inicio","item":"https:\/\/siar.minam.gob.pe\/tacna\/"},{"@type":"ListItem","position":2,"name":"Calidad del Agua en Tacna"}]}]}},"_links":{"self":[{"href":"https:\/\/siar.minam.gob.pe\/tacna\/wp-json\/wp\/v2\/pages\/5100"}],"collection":[{"href":"https:\/\/siar.minam.gob.pe\/tacna\/wp-json\/wp\/v2\/pages"}],"about":[{"href":"https:\/\/siar.minam.gob.pe\/tacna\/wp-json\/wp\/v2\/types\/page"}],"author":[{"embeddable":true,"href":"https:\/\/siar.minam.gob.pe\/tacna\/wp-json\/wp\/v2\/users\/3"}],"replies":[{"embeddable":true,"href":"https:\/\/siar.minam.gob.pe\/tacna\/wp-json\/wp\/v2\/comments?post=5100"}],"version-history":[{"count":78,"href":"https:\/\/siar.minam.gob.pe\/tacna\/wp-json\/wp\/v2\/pages\/5100\/revisions"}],"predecessor-version":[{"id":5223,"href":"https:\/\/siar.minam.gob.pe\/tacna\/wp-json\/wp\/v2\/pages\/5100\/revisions\/5223"}],"wp:attachment":[{"href":"https:\/\/siar.minam.gob.pe\/tacna\/wp-json\/wp\/v2\/media?parent=5100"}],"curies":[{"name":"wp","href":"https:\/\/api.w.org\/{rel}","templated":true}]}}